e the highest common divisor of 150432 and 1200.
48
Calculate the highest common divisor of 4172 and 896.
28
Calculate the greatest common divisor of 1676486 and 392.
98
What is the greatest common divisor of 127020 and 4860?
60
Calculate the highest common factor of 3470 and 27490.
10
What is the greatest common factor of 40 and 45820?
20
Calculate the highest common divisor of 2 and 3817.
1
Calculate the greatest common factor of 2051 and 777622.
293
Calculate the greatest common factor of 1827054 and 3.
3
Calculate the highest common factor of 4580 and 627002.
458
Calculate the greatest common factor of 48093 and 3075.
123
What is the greatest common divisor of 519 and 14186?
173
Calculate the greatest common divisor of 31 and 3872675.
31
What is the greatest common factor of 527 and 1273759?
527
What is the highest common factor of 1 and 1896302?
1
Calculate the greatest common factor of 36 and 65448.
36
Calculate the highest common factor of 16383 and 5080.
127
Calculate the highest common divisor of 14724 and 300.
12
Calculate the highest common divisor of 55 and 40865.
55
What is the greatest common factor of 90 and 36918?
18
What is the highest common divisor of 4152 and 72?
24
Calculate the highest common factor of 20474 and 6707.
353
Calculate the highest common factor of 622874 and 56.
14
Calculate the greatest common divisor of 1265754 and 84.
42
What is the greatest common divisor of 2548562 and 3508?
1754
What is the highest common divisor of 66 and 121627?
11
What is the greatest common factor of 5389 and 187?
17
What is the highest common factor of 5 and 1866?
1
Calculate the greatest common divisor of 64 and 6328768.
64
Calculate the highest common divisor of 7510 and 2590.
10
What is the highest common factor of 443 and 1016242?
443
What is the highest common factor of 17 and 53?
1
What is the greatest common factor of 861 and 2883?
3
Calculate the greatest common divisor of 590 and 10480.
10
What is the greatest common factor of 771 and 93?
3
Calculate the greatest common divisor of 7605 and 1859.
169
Calculate the greatest common divisor of 70 and 33635.
35
What is the highest common factor of 8494 and 4340?
62
Calculate the greatest common divisor of 235 and 1935.
5
Calculate the highest common divisor of 629941 and 1222.
611
Calculate the greatest common factor of 195450 and 150.
150
Calculate the highest common factor of 3040 and 5130.
190
What is the highest common divisor of 153424 and 129?
43
Calculate the greatest common factor of 255 and 165665.
85
What is the highest common divisor of 63 and 206?
1
What is the highest common factor of 20181 and 231?
21
What is the greatest common factor of 1535487 and 129?
129
What is the highest common factor of 942624 and 11232?
864
What is the highest common factor of 734670 and 810?
810
Calculate the highest common factor of 264 and 477444.
132
What is the highest common divisor of 38433 and 15?
3
Calculate the highest common divisor of 65 and 8294.
13
Calculate the greatest common factor of 384 and 9672.
24
Calculate the highest common factor of 437 and 775468.
23
What is the greatest common factor of 31912 and 44?
4
What is the highest common divisor of 480858 and 7918?
214
Calculate the greatest common factor of 1320 and 1070685.
165
Calculate the highest common factor of 4734101 and 236.
59
Calculate the greatest common factor of 317331 and 14.
7
Calculate the greatest common factor of 236753 and 1199.
11
Calculate the highest common factor of 296728 and 72.
8
What is the greatest common divisor of 415237 and 6773?
521
What is the highest common divisor of 44 and 18458?
22
What is the highest common divisor of 930 and 340008?
186
What is the highest common divisor of 128 and 241152?
128
What is the highest common divisor of 310596 and 1267?
181
Calculate the greatest common factor of 60 and 5652.
12
What is the greatest common factor of 56 and 421666?
14
Calculate the highest common factor of 21 and 486591.
21
Calculate the highest common divisor of 57 and 246639.
57
Calculate the highest common factor of 840 and 20440.
280
Calculate the highest common factor of 468301 and 908.
227
What is the highest common factor of 206 and 756020?
206
Calculate the highest common divisor of 10034 and 222.
2
What is the greatest common divisor of 11336 and 1248?
104
Calculate the highest common divisor of 5712 and 8400.
336
What is the greatest common divisor of 149968 and 618?
206
What is the highest common factor of 31761 and 36?
9
What is the greatest common factor of 618 and 10644?
6
Calculate the highest common divisor of 5319 and 26201.
197
What is the greatest common divisor of 1994725 and 7300?
1825
What is the greatest common factor of 9405 and 26695?
95
What is the highest common factor of 50 and 26930?
10
Calculate the greatest common divisor of 1785066 and 174.
174
What is the greatest common factor of 19 and 301321?
19
What is the highest common divisor of 9000 and 216?
72
What is the highest common factor of 672 and 69846?
42
What is the highest common divisor of 3894 and 462?
66
What is the greatest common divisor of 1365 and 191360?
65
Calculate the highest common factor of 70915 and 260.
65
What is the greatest common divisor of 5654 and 682?
22
Calculate the highest common divisor of 8908 and 80.
4
What is the greatest common divisor of 234 and 121966?
26
Calculate the highest common factor of 4712 and 26752.
152
Calculate the greatest common factor of 356175 and 75.
75
What is the greatest common divisor of 35641 and 145?
29
Calculate the highest common divisor of 156065 and 26068.
343
Calculate the greatest common factor of 2185 and 38893.
437
What is the greatest common factor of 26963 and 106481?
457
Calculate the greatest common divisor of 58 and 8250674.
58
What is the highest common divisor of 189 and 623?
7
Calculate the greatest common factor of 17569965 and 190.
95
What is the highest common divisor of 1125 and 8685?
45
What is the greatest common factor of 21238 and 561946?
574
Calculate the highest common factor of 64 and 18832.
16
What is the highest common divisor of 45292 and 1072?
268
What is the highest common factor of 8 and 4552?
8
What is the highest common factor of 28115 and 55?
5
Calculate the highest common divisor of 587268 and 396.
396
Calculate the greatest common divisor of 3557753 and 274.
137
Calculate the greatest common divisor of 178555 and 21853.
533
What is the highest common factor of 1685816 and 440?
88
What is the greatest common factor of 119 and 73297?
7
Calculate the greatest common divisor of 42065 and 61805.
235
What is the greatest common factor of 576 and 8586?
18
Calculate the greatest common divisor of 32566560 and 78.
78
Calculate the greatest common divisor of 231 and 1947.
33
What is the greatest common divisor of 203128 and 8?
8
What is the highest common divisor of 54408 and 24?
24
Calculate the highest common factor of 127 and 14.
1
Calculate the highest common factor of 17745 and 3045.
105
What is the greatest common divisor of 532 and 10412?
76
What is the highest common factor of 1510 and 160?
10
What is the greatest common factor of 2034 and 1746?
18
Calculate the highest common divisor of 17708 and 836.
76
Calculate the highest common divisor of 4592 and 196882.
574
Calculate the highest common factor of 420336 and 96.
48
Calculate the highest common factor of 19323 and 1368.
171
What is the highest common factor of 4342 and 242150?
334
Calculate the highest common divisor of 37559 and 355.
71
Calculate the greatest common factor of 608 and 148656.
304
What is the greatest common divisor of 6 and 136881?
3
What is the greatest common factor of 122 and 5534042?
122
What is the greatest common factor of 10130 and 4240?
10
What is the highest common divisor of 215 and 83807?
43
What is the highest common factor of 669 and 1279351?
223
What is the greatest common factor of 73269 and 3255?
21
Calculate the highest common divisor of 420 and 138432.
84
Calculate the highest common divisor of 88 and 4888.
8
Calculate the highest common divisor of 8436 and 584193.
2109
What is the highest common divisor of 5904 and 1585552?
656
Calculate the greatest common factor of 17279 and 26619.
467
What is the highest common div